*0)/(-2). Suppose 3*x - 6 + m = 0. What is the units digit of x?
2
Let j(i) = -20*i - 3. What is the units digit of j(-5)?
7
Let l(w) = w**3 - w**2 + w + 3. Let r be l(0). Suppose -49 = -r*y + 50. What is the tens digit of y?
3
Suppose 0 = t - 5*t - 24. Let q(h) = h**3 + 6*h**2 + 7*h - 2. Let o be q(-5). Let i = t - o. What is the units digit of i?
6
Let i be (-3)/(-2) - 4/(-8). Suppose 2*s = -6, 19 = -i*x + 2*s + 1. What is the units digit of 44/2*(-6)/x?
1
Let v = 8 + -3. Suppose -3*a + 2*o = -2*a - 11, -v*o = 4*a + 21. What is the units digit of a?
1
Suppose 3*j - 161 = -2*a, -8 + 194 = 3*j - 3*a. What is the units digit of j?
7
Let r be -1 - -2 - 12/4. What is the units digit of (-7)/(1 + (r - 0))?
7
Let k = 11 + -4. Let b(c) = c + 20. Let s be b(0). Suppose -3*j + s = -k. What is the units digit of j?
9
Let p = 48 + -8. Suppose -p = 2*o - 6*o. What is the units digit of o?
0
Let j(d) = 3*d + 6. Let c(q) = -7*q - 11. Suppose 30 = 5*t + 4*p, 3*p = -t + p + 12. Let m(n) = t*c(n) + 5*j(n). What is the units digit of m(13)?
1
Let o be 3/6*0 + 1. What is the units digit of -1 - o - (-484)/11?
2
Suppose b - 32 - 5 = 0. What is the units digit of b?
7
Let q = -9 - -9. Suppose 3*m + 0*m - 15 = q. What is the units digit of m?
5
Let f(w) = w**2 - 8*w + 3. Let p be f(8). Suppose p*u = 7*u + 44. Let m = u - -18. What is the units digit of m?
7
Suppose 0 = 3*o - 5*o - 4*z + 184, -4*z + 384 = 4*o. What is the tens digit of o?
0
Let x(a) = 11*a**2 - 9*a - 5. Let p(k) = -4*k**2 + 3*k + 2. Let j(w) = -17*p(w) - 6*x(w). What is the units digit of j(-5)?
1
Suppose -2*a - 16 = -4*c + 28, -5*a - 80 = 5*c. What is the units digit of 6/27 + (-410)/a?
3
What is the tens digit of 68/3*(51/6 - 4)?
0
Let x be (-87)/(-6) - (-1)/(-2). Suppose -t + 3*q = -q - x, 2*t - 2*q = 16. Let b = -4 + t. What is the units digit of b?
2
Let m(f) = f**2 + 2*f - 1. Let a = -4 - 2. What is the tens digit of m(a)?
2
What is the tens digit of -2 + 4 + 2 + -3 - -55?
5
What is the units digit of ((-8)/(-2))/4 + 50?
1
Let s = 16 - 8. Let g(k) = 4*k**2 - s*k - 2*k - 3*k**2 + 2 - 6. What is the units digit of g(11)?
7
Suppose -2*h + 34 = -2*v, v - 4*v = h - 9. What is the units digit of h?
5
Let j(k) = k**3 + 4*k**2. Let g be j(-4). Suppose a - 6*a + 115 = g. What is the tens digit of a?
2
Let m = 450 - 253. What is the units digit of m?
7
Let i(r) = 17*r - 48. What is the tens digit of i(9)?
0
Suppose 5*o - 3*w - 26 = 0, 3*o - 2 = -5*w - 0*w. Suppose -o*k - k + 10 = 0. Suppose k*a + 0 - 8 = 0. What is the units digit of a?
4
Suppose 10 = 3*l + 2*l. Let p = -2 + l. Suppose 4*k = -p*k + 12. What is the units digit of k?
3
What is the units digit of ((-2)/(-3))/((-18)/(-2025))?
5
Let d(v) = v**2 - 4*v - 3. Let t be d(5). Suppose -2*c - t = -16. What is the units digit of c?
7
Let m be 8/4 + (26 - 2). Let h = m + -9. What is the units digit of h?
7
Let i be (15/(-9))/((-3)/54). Suppose -3*m + 3 = -i. What is the units digit of m?
1
Let r be 46/8*(0 + 8). Suppose m = 3*m - r. Suppose -4*w + m = -37. What is the tens digit of w?
1
Let h(z) = z**3 + 4*z**2 - 2. Let b be 2/(-1) - (-3)/(-1). Let s be b + (-2 - -1)*-3. What is the units digit of h(s)?
6
Let t(w) = -w + 12. Let c be t(-11). Suppose c = -0*l + l. What is the tens digit of l?
2
Let h = 97 - 53. Let j = -7 + 11. Suppose 0*c - j*c + h = 0. What is the units digit of c?
1
Let k(p) = -p + 6. Let z be k(8). Let r = z - -26. What is the tens digit of r?
2
Suppose 2*g + 0 + 1 = 3*n, 5*n = -2*g + 23. Suppose -5*r + n + 17 = 0. Let x = r + 1. What is the units digit of x?
5
Let v(p) = p. Suppose 0 = -5*l + 23 - 3. What is the units digit of v(l)?
4
Let v = -24 - -74. What is the tens digit of v?
5
Suppose 72 = -2*a - 0*a. Let z be 8/a - 94/(-18). Suppose z = m - 1. What is the units digit of m?
6
Let t(a) = 36*a - 8. What is the hundreds digit of t(3)?
1
Let q(f) = 0*f**2 - 5*f**2 + 3*f + 3*f + 4*f**2 - 10. Let u be q(7). Let a = u - -29. What is the units digit of a?
2
Let p be (-10)/(-75) + (-688)/(-15). Let h = p + -11. What is the units digit of h?
5
Suppose -576 = -2*b - 6*b. What is the tens digit of b?
7
Let c(v) = -96*v - 13. What is the tens digit of c(-3)?
7
Let l be 5/2*(-4)/(-5). Suppose l*q = -5*w - q + 11, -2*q + 6 = 2*w. Suppose 5*g = -w + 31. What is the units digit of g?
6
Let t be 20/(-15)*(-4 + 1). Suppose -t = -5*c + 11. What is the units digit of c?
3
Suppose 2*t - 18 - 6 = 0. Suppose 3*u - 25 = -4*q, 2*q - 4*q = 4*u - 20. What is the units digit of (-1)/u - (-100)/t?
8
Suppose 0 = -f + 4*v + 5, f = -2*v + 3 + 2. Suppose f*y = -4*i - 27 + 90, y + 4*i - 19 = 0. What is the tens digit of y?
1
Let t = 82 + -53. What is the units digit of t?
9
What is the hundreds digit of 33212/133 - 4/(-14)?
2
What is the tens digit of 4*(-4 + 11) + -1?
2
Let f(b) be the third derivative of -b**4/8 - 2*b**3/3 + b**2. What is the tens digit of f(-16)?
4
Let j be 6 - (-3 + 1 + 5). Suppose j*a = 25 + 29. What is the units digit of a?
8
Let i(n) = n**3 - 2*n**2 - 6*n + 7. What is the units digit of i(5)?
2
Let m(j) = -3 - 2*j**2 + 0*j**2 + j**3 - 5*j**2 - 5*j - 7. What is the units digit of m(8)?
4
Suppose 4*u = 3*u. Suppose u = -p + 3*i + i + 32, 16 = 3*p + 4*i. What is the tens digit of p?
1
Let x(n) = -2*n - 8. Let y be x(-6). Suppose -5*l - 49 = -2*d - 288, 2*l - 110 = -y*d. What is the units digit of l?
9
Let z(b) = b**2 + 8*b + 4. Let t be (-6 + 5)*1*7. Let i be z(t). What is the units digit of i/(-6) + (-9)/(-2)?
5
Suppose -5*h + 71 = q, 359 = 4*q - 4*h - h. What is the tens digit of q?
8
Let s(j) = 3*j**2 - 3*j + 1. Let c be 77/21 + (-2)/3. What is the tens digit of s(c)?
1
Suppose 5*z + 1 + 19 = 0. Let y(r) be the third derivative of -r**4/8 - r**3/3 + 8*r**2. What is the tens digit of y(z)?
1
Let o(t) = -3*t**3 + 9*t**2 + 2. Let d(s) = 7*s**3 - 19*s**2 - s - 4. Let c(q) = -2*d(q) - 5*o(q). What is the tens digit of c(7)?
1
Let l(t) = 2*t**3 - 2*t**2 - 2*t + 3. What is the units digit of l(2)?
7
Let z = 1 + 2. What is the units digit of z?
3
Let b(v) = -v**3 - 11*v**2 - 11*v - 23. What is the units digit of b(-11)?
8
What is the tens digit of (-1670)/(-60) - (-1)/6?
2
Suppose 0 = 3*c + 2*d - 25, 0*c + d - 9 = -c. What is the tens digit of 15 + c - (0 + -3)?
2
Let d = -6 + 8. Suppose c - 4*g - 1 = -5*g, d*c + 2 = 2*g. What is the tens digit of 1/(-2)*c - -12?
1
Suppose -4*o - o = 5. Let d = o - -3. What is the units digit of d?
2
Suppose 7*y - 2*y - 15 = 0. Suppose 0*i + y*i - 69 = 0. What is the units digit of i?
3
What is the hundreds digit of -270*(11/(-2) - -5)?
1
Let p(g) = -g - 1. Let n be p(7). Let z = -4 - n. What is the units digit of z?
4
Let c = 5 + -3. Let s = 0 + c. Suppose 0 = -s*r - 3*r + 10. What is the units digit of r?
2
Let u(b) = 2*b. Let j be u(1). Suppose 4 = j*k + 22. Let q = k + 23. What is the units digit of q?
4
Let p = 42 + 61. What is the tens digit of p?
0
Let h(q) = 4*q**3 + q**2 + q - 1. Suppose -3*d = -0 - 3. Let s be h(d). Let x = -2 + s. What is the units digit of x?
3
Let p(d) be the first derivative of -3*d**2/2 - 4*d - 1. Suppose c = 2*c + 5. What is the units digit of p(c)?
1
Let q be (1/(-3))/((-3)/801). Suppose 0 = 4*s - 5*d - q - 8, -2*s + d = -53. What is the tens digit of s?
2
Let v be 5*((-3)/5 + 1). Let o = 4 - 2. Suppose 2*h + 2*s + 6 = -v, -o*h + 4*s = -22. What is the units digit of h?
1
Let a be (4/10)/(1/(-5)). Let h be 11*(1 + a)*1. Let t = -7 - h. What is the units digit of t?
4
Suppose -f = 2*f - 6. Let a(j) = 3*j**2 + 2*j - 2. What is the tens digit of a(f)?
1
Let k = 2 + -5. Let d be 2/((-4)/(-18)) - k. What is the units digit of (-1)/(-6) + 166/d?
4
Let u(w) = 75*w + 2. Let c be u(-2). What is the units digit of (-4)/10 + c/(-20)?
7
Suppose 0 = 4*x - 7*x + 18. Suppose 2*a - 6 - x = 0. Let u = a + 11. What is the units digit of u?
7
Suppose 0 = b + 3 - 6. Suppose 2*g - b*d - 7 = -0*g, -3*g + 4*d + 8 = 0. Let q = g + 7. What is the units digit of q?
3
Suppose -4*y - 10 + 34 = 0. What is the units digit of y?
6
Suppose -1914 + 306 = -12*n. What is the hundreds digit of n?
1
Let r = -25 + 274. What is the tens digit of r?
4
Let k = 15 + -23. What is the units digit of 104/10 - k/(-20)?
0
Let o = -54 - -120. Suppose -5*q + 2*q = -o. What is the units digit of q?
2
Let o(t) = -2*t**3